{"id":11762,"date":"2026-05-04T09:38:04","date_gmt":"2026-05-04T07:38:04","guid":{"rendered":"https:\/\/www.cucineturi.com\/politica-de-privacidad\/"},"modified":"2026-08-28T12:10:04","modified_gmt":"2026-08-28T10:10:04","slug":"politica-de-privacidad","status":"publish","type":"page","link":"https:\/\/www.cucineturi.com\/es\/politica-de-privacidad\/","title":{"rendered":"Pol\u00edtica de privacidad"},"content":{"rendered":"[vc_row type=\u00bbin_container\u00bb full_screen_row_position=\u00bbmiddle\u00bb column_margin=\u00bbdefault\u00bb column_direction=\u00bbdefault\u00bb column_direction_tablet=\u00bbdefault\u00bb column_direction_phone=\u00bbdefault\u00bb scene_position=\u00bbcenter\u00bb text_color=\u00bbdark\u00bb text_align=\u00bbleft\u00bb row_border_radius=\u00bbnone\u00bb row_border_radius_applies=\u00bbbg\u00bb row_position_desktop=\u00bbdefault\u00bb row_position_tablet=\u00bbinherit\u00bb row_position_phone=\u00bbinherit\u00bb overflow=\u00bbvisible\u00bb overlay_strength=\u00bb0.3&#8243; gradient_direction=\u00bbleft_to_right\u00bb shape_divider_position=\u00bbbottom\u00bb bg_image_animation=\u00bbnone\u00bb][vc_column column_padding=\u00bbno-extra-padding\u00bb column_padding_tablet=\u00bbinherit\u00bb column_padding_phone=\u00bbinherit\u00bb column_padding_position=\u00bball\u00bb flex_gap_desktop=\u00bb10px\u00bb column_element_direction_desktop=\u00bbdefault\u00bb column_element_spacing=\u00bbdefault\u00bb desktop_text_alignment=\u00bbdefault\u00bb tablet_text_alignment=\u00bbdefault\u00bb phone_text_alignment=\u00bbdefault\u00bb background_color_opacity=\u00bb1&#8243; background_hover_color_opacity=\u00bb1&#8243; column_backdrop_filter=\u00bbnone\u00bb column_shadow=\u00bbnone\u00bb column_border_radius=\u00bbnone\u00bb column_link_target=\u00bb_self\u00bb column_position=\u00bbdefault\u00bb gradient_direction=\u00bbleft_to_right\u00bb overlay_strength=\u00bb0.3&#8243; width=\u00bb1\/1&#8243; tablet_width_inherit=\u00bbdefault\u00bb animation_type=\u00bbdefault\u00bb bg_image_animation=\u00bbnone\u00bb border_type=\u00bbsimple\u00bb column_border_width=\u00bbnone\u00bb column_border_style=\u00bbsolid\u00bb][vc_column_text css=\u00bb\u00bb text_direction=\u00bbdefault\u00bb]\n<h2 class=\"wp-block-heading\">POL\u00cdTICA DE PRIVACIDAD<\/h2>\n<p><!-- \/wp:post-content --><\/p>\n<p><!-- wp:paragraph -->De conformidad con el art\u00edculo 13 del Reglamento (UE) 2016\/679 del Parlamento Europeo y del Consejo, de 27 de abril de 2016, y la normativa nacional, le facilitamos informaci\u00f3n sobre el tratamiento de sus datos personales: POL\u00cdTICA DE PRIVACIDAD. <\/p>\n<p><!-- \/wp:paragraph --><\/p>\n<p>&nbsp;<\/p>\n<p><!-- wp:heading {\"level\":3} --><\/p>\n<h3 class=\"wp-block-heading\">FINES DEL TRATAMIENTO:<\/h3>\n<p><!-- \/wp:heading --><\/p>\n<p><!-- wp:paragraph -->El objetivo es proporcionar a los usuarios que navegan por el sitio web <a href=\"https:\/\/www.cucineturi.com\/es\/\">https:\/\/www.cucineturi.com\/<\/a> informaci\u00f3n sobre la empresa y sus productos, permiti\u00e9ndoles adem\u00e1s \u2014previa solicitud y consentimiento\u2014 suscribirse al bolet\u00edn informativo y contactar con el Responsable del Tratamiento para solicitar informaci\u00f3n. Cabe se\u00f1alar que el acceso y la navegaci\u00f3n por las p\u00e1ginas de redes sociales de la empresa (<a href=\"https:\/\/www.facebook.com\/cucineturi\" target=\"_blank\" rel=\"noopener\">https:\/\/www.facebook.com\/cucineturi<\/a>, <a href=\"https:\/\/www.instagram.com\/turi.cucine.official\/\" target=\"_blank\" rel=\"noopener\">https:\/\/www.instagram.com\/turi.cucine.official\/<\/a>, <a href=\"https:\/\/www.tiktok.com\/@turi.cucine\" target=\"_blank\" rel=\"noopener\">https:\/\/www.tiktok.com\/@turi.cucine<\/a> y <a href=\"https:\/\/www.linkedin.com\/company\/gruppoturisrl\/\" target=\"_blank\" rel=\"noopener\">https:\/\/www.linkedin.com\/company\/gruppoturisrl\/<\/a>) son libres; el Responsable del Tratamiento no tiene control sobre los datos de navegaci\u00f3n en dichas p\u00e1ginas, y los responsables independientes del tratamiento a quienes dirigirse en relaci\u00f3n con la informaci\u00f3n sobre el interesado son los respectivos propietarios de las plataformas de redes sociales. Por ello, le recomendamos que consulte sus pol\u00edticas de privacidad. Los datos personales que facilite al cumplimentar los formularios de recogida de datos del sitio web se tratar\u00e1n con la finalidad de atender sus solicitudes de informaci\u00f3n o de enviarle boletines informativos, siempre que haya otorgado su consentimiento expreso.   <\/p>\n<p><!-- \/wp:paragraph --><\/p>\n<p>&nbsp;<\/p>\n<p><!-- wp:heading {\"level\":3} --><\/p>\n<h3 class=\"wp-block-heading\">Base jur\u00eddica para el tratamiento<\/h3>\n<p><!-- \/wp:heading --><\/p>\n<p><!-- wp:paragraph -->Para los datos de navegaci\u00f3n del sitio \u2014tales como direcciones IP, nombres de dominio de los equipos y terminales utilizados por los usuarios, direcciones en formato URI\/URL y similares\u2014, la base jur\u00eddica es el consentimiento; para m\u00e1s informaci\u00f3n sobre las cookies, consulte la pol\u00edtica correspondiente en este enlace: https:\/\/www.cucineturi.com\/cookie-policy\/. Los datos personales facilitados y recopilados con el fin de recibir el bolet\u00edn informativo (que incluye publicidad) se recogen y tratan \u00fanicamente previo consentimiento espec\u00edfico del interesado. El env\u00edo de mensajes a las direcciones de contacto del Responsable del Tratamiento o del Delegado de Protecci\u00f3n de Datos (DPO) es opcional y voluntario. Los mensajes privados enviados por los usuarios a perfiles o p\u00e1ginas de redes sociales implican la obtenci\u00f3n de los datos de contacto del remitente \u2014necesarios para dar respuesta\u2014, as\u00ed como de cualquier dato personal incluido en dichas comunicaciones.  <\/p>\n<p><!-- \/wp:paragraph --><\/p>\n<p>&nbsp;<\/p>\n<p><!-- wp:heading {\"level\":3} --><\/p>\n<h3 class=\"wp-block-heading\">DESTINATARIOS DE LOS DATOS<\/h3>\n<p><!-- \/wp:heading --><\/p>\n<p><!-- wp:paragraph -->Los datos son tratados por personal y encargados del tratamiento designados por el Responsable del Tratamiento; sus datos de contacto est\u00e1n a disposici\u00f3n del interesado previa solicitud. Los datos no se transfieren al extranjero, a excepci\u00f3n de los datos relativos a la navegaci\u00f3n por las plataformas de redes sociales mencionadas, los cuales son recopilados y tratados de forma independiente por los titulares de dichas plataformas, sin v\u00ednculo alguno con el Responsable del Tratamiento, GRUPPO TURI SRL. <\/p>\n<p><!-- \/wp:paragraph --><\/p>\n<p>&nbsp;<\/p>\n<p><!-- wp:heading {\"level\":3} --><\/p>\n<h3 class=\"wp-block-heading\">RETENCI\u00d3N DE DATOS<\/h3>\n<p><!-- \/wp:heading --><\/p>\n<p><!-- wp:paragraph -->Los datos de navegaci\u00f3n se conservan durante 12 meses y posteriormente se destruyen; los datos utilizados para el env\u00edo del bolet\u00edn se conservan durante 12 meses o hasta que el interesado solicite su supresi\u00f3n. Los datos recopilados en relaci\u00f3n con las solicitudes de contacto dirigidas al responsable del tratamiento se conservan durante 12 meses y posteriormente se eliminan. <\/p>\n<p><!-- \/wp:paragraph --><\/p>\n<p>&nbsp;<\/p>\n<p><!-- wp:heading {\"level\":3} --><\/p>\n<h3 class=\"wp-block-heading\">RESPONSABLES DEL TRATAMIENTO DE DATOS<\/h3>\n<p><!-- \/wp:heading --><\/p>\n<p><!-- wp:paragraph -->Para todas las finalidades indicadas anteriormente, el Responsable del tratamiento es GRUPPO TURI SRL, Via Vigili del Fuoco caduti in servizio no. 6, Modugno (BA), correo electr\u00f3nico privacidad@gruppoturi.it. <\/p>\n<p><!-- \/wp:paragraph --><\/p>\n<p>&nbsp;<\/p>\n<p><!-- wp:heading {\"level\":3} --><\/p>\n<h3 class=\"wp-block-heading\">Delegado de Protecci\u00f3n de Datos (DPD)<\/h3>\n<p><!-- \/wp:heading --><\/p>\n<p><!-- wp:paragraph -->Puede ponerse en contacto con el Delegado de Protecci\u00f3n de Datos (DPD) designado por el responsable del tratamiento a trav\u00e9s de la siguiente direcci\u00f3n: pmmascolo@hotmail.it<\/p>\n<p><!-- \/wp:paragraph --><\/p>\n<p>&nbsp;<\/p>\n<p><!-- wp:heading {\"level\":3} --><\/p>\n<h3 class=\"wp-block-heading\">DERECHOS DE LOS TITULARES DE LOS DATOS<\/h3>\n<p><!-- \/wp:heading --><\/p>\n<p><!-- wp:paragraph -->Los interesados \u200b\u200btienen derecho a acceder a sus datos personales, a que estos sean rectificados o suprimidos, a limitar su tratamiento o a oponerse al mismo (art\u00edculos 15 y siguientes del Reglamento). Las solicitudes a tal efecto pueden dirigirse al responsable del tratamiento y al delegado de protecci\u00f3n de datos. Para ejercer sus derechos \u2014en particular, el derecho a presentar una reclamaci\u00f3n\u2014, los interesados \u200b\u200bpueden dirigirse a la Autoridad Italiana de Protecci\u00f3n de Datos (*Garante per la protezione dei dati personali*), sita en Piazza Venezia 11, IT-00187, Roma.  <\/p>\n<p><!-- \/wp:paragraph --><\/p>\n<p>&nbsp;<\/p>\n[\/vc_column_text][\/vc_column][\/vc_row]\n","protected":false},"excerpt":{"rendered":"<p>[vc_row type=\u00bbin_container\u00bb full_screen_row_position=\u00bbmiddle\u00bb column_margin=\u00bbdefault\u00bb column_direction=\u00bbdefault\u00bb column_direction_tablet=\u00bbdefault\u00bb column_direction_phone=\u00bbdefault\u00bb scene_position=\u00bbcenter\u00bb text_color=\u00bbdark\u00bb text_align=\u00bbleft\u00bb row_border_radius=\u00bbnone\u00bb row_border_radius_applies=\u00bbbg\u00bb row_position_desktop=\u00bbdefault\u00bb row_position_tablet=\u00bbinherit\u00bb row_position_phone=\u00bbinherit\u00bb overflow=\u00bbvisible\u00bb overlay_strength=\u00bb0.3&#8243; gradient_direction=\u00bbleft_to_right\u00bb shape_divider_position=\u00bbbottom\u00bb bg_image_animation=\u00bbnone\u00bb][vc_column column_padding=\u00bbno-extra-padding\u00bb column_padding_tablet=\u00bbinherit\u00bb column_padding_phone=\u00bbinherit\u00bb column_padding_position=\u00bball\u00bb flex_gap_desktop=\u00bb10px\u00bb column_element_direction_desktop=\u00bbdefault\u00bb column_element_spacing=\u00bbdefault\u00bb desktop_text_alignment=\u00bbdefault\u00bb tablet_text_alignment=\u00bbdefault\u00bb phone_text_alignment=\u00bbdefault\u00bb&#8230;<\/p>\n","protected":false},"author":1,"featured_media":0,"parent":0,"menu_order":0,"comment_status":"closed","ping_status":"open","template":"","meta":{"footnotes":""},"class_list":["post-11762","page","type-page","status-publish"],"_links":{"self":[{"href":"https:\/\/www.cucineturi.com\/es\/wp-json\/wp\/v2\/pages\/11762","targetHints":{"allow":["GET"]}}],"collection":[{"href":"https:\/\/www.cucineturi.com\/es\/wp-json\/wp\/v2\/pages"}],"about":[{"href":"https:\/\/www.cucineturi.com\/es\/wp-json\/wp\/v2\/types\/page"}],"author":[{"embeddable":true,"href":"https:\/\/www.cucineturi.com\/es\/wp-json\/wp\/v2\/users\/1"}],"replies":[{"embeddable":true,"href":"https:\/\/www.cucineturi.com\/es\/wp-json\/wp\/v2\/comments?post=11762"}],"version-history":[{"count":1,"href":"https:\/\/www.cucineturi.com\/es\/wp-json\/wp\/v2\/pages\/11762\/revisions"}],"predecessor-version":[{"id":11763,"href":"https:\/\/www.cucineturi.com\/es\/wp-json\/wp\/v2\/pages\/11762\/revisions\/11763"}],"wp:attachment":[{"href":"https:\/\/www.cucineturi.com\/es\/wp-json\/wp\/v2\/media?parent=11762"}],"curies":[{"name":"wp","href":"https:\/\/api.w.org\/{rel}","templated":true}]}}

Política de privacidad

[vc_row type=»in_container» full_screen_row_position=»middle» column_margin=»default» column_direction=»default» column_direction_tablet=»default» column_direction_phone=»default» scene_position=»center» text_color=»dark» text_align=»left» row_border_radius=»none» row_border_radius_applies=»bg» row_position_desktop=»default» row_position_tablet=»inherit» row_position_phone=»inherit» overflow=»visible» overlay_strength=»0.3&#8243; gradient_direction=»left_to_right» shape_divider_position=»bottom» bg_image_animation=»none»][vc_column column_padding=»no-extra-padding» column_padding_tablet=»inherit» column_padding_phone=»inherit» column_padding_position=»all» flex_gap_desktop=»10px» column_element_direction_desktop=»default» column_element_spacing=»default» desktop_text_alignment=»default» tablet_text_alignment=»default» phone_text_alignment=»default» background_color_opacity=»1&#8243; background_hover_color_opacity=»1&#8243; column_backdrop_filter=»none» column_shadow=»none» column_border_radius=»none» column_link_target=»_self» column_position=»default» gradient_direction=»left_to_right» overlay_strength=»0.3&#8243; width=»1/1&#8243; tablet_width_inherit=»default» animation_type=»default» bg_image_animation=»none» border_type=»simple» column_border_width=»none» column_border_style=»solid»][vc_column_text css=»» text_direction=»default»]
<h2 class="wp-block-heading">POLÍTICA DE PRIVACIDAD</h2>
<p><!-- /wp:post-content --></p>
<p><!-- wp:paragraph -->De conformidad con el artículo 13 del Reglamento (UE) 2016/679 del Parlamento Europeo y del Consejo, de 27 de abril de 2016, y la normativa nacional, le facilitamos información sobre el tratamiento de sus datos personales: POLÍTICA DE PRIVACIDAD. </p>
<p><!-- /wp:paragraph --></p>
<p>&nbsp;</p>
<p><!-- wp:heading {"level":3} --></p>
<h3 class="wp-block-heading">FINES DEL TRATAMIENTO:</h3>
<p><!-- /wp:heading --></p>
<p><!-- wp:paragraph -->El objetivo es proporcionar a los usuarios que navegan por el sitio web <a href="https://www.cucineturi.com/es/">https://www.cucineturi.com/</a> información sobre la empresa y sus productos, permitiéndoles además —previa solicitud y consentimiento— suscribirse al boletín informativo y contactar con el Responsable del Tratamiento para solicitar información. Cabe señalar que el acceso y la navegación por las páginas de redes sociales de la empresa (<a href="https://www.facebook.com/cucineturi" target="_blank" rel="noopener">https://www.facebook.com/cucineturi</a>, <a href="https://www.instagram.com/turi.cucine.official/" target="_blank" rel="noopener">https://www.instagram.com/turi.cucine.official/</a>, <a href="https://www.tiktok.com/@turi.cucine" target="_blank" rel="noopener">https://www.tiktok.com/@turi.cucine</a> y <a href="https://www.linkedin.com/company/gruppoturisrl/" target="_blank" rel="noopener">https://www.linkedin.com/company/gruppoturisrl/</a>) son libres; el Responsable del Tratamiento no tiene control sobre los datos de navegación en dichas páginas, y los responsables independientes del tratamiento a quienes dirigirse en relación con la información sobre el interesado son los respectivos propietarios de las plataformas de redes sociales. Por ello, le recomendamos que consulte sus políticas de privacidad. Los datos personales que facilite al cumplimentar los formularios de recogida de datos del sitio web se tratarán con la finalidad de atender sus solicitudes de información o de enviarle boletines informativos, siempre que haya otorgado su consentimiento expreso.   </p>
<p><!-- /wp:paragraph --></p>
<p>&nbsp;</p>
<p><!-- wp:heading {"level":3} --></p>
<h3 class="wp-block-heading">Base jurídica para el tratamiento</h3>
<p><!-- /wp:heading --></p>
<p><!-- wp:paragraph -->Para los datos de navegación del sitio —tales como direcciones IP, nombres de dominio de los equipos y terminales utilizados por los usuarios, direcciones en formato URI/URL y similares—, la base jurídica es el consentimiento; para más información sobre las cookies, consulte la política correspondiente en este enlace: https://www.cucineturi.com/cookie-policy/. Los datos personales facilitados y recopilados con el fin de recibir el boletín informativo (que incluye publicidad) se recogen y tratan únicamente previo consentimiento específico del interesado. El envío de mensajes a las direcciones de contacto del Responsable del Tratamiento o del Delegado de Protección de Datos (DPO) es opcional y voluntario. Los mensajes privados enviados por los usuarios a perfiles o páginas de redes sociales implican la obtención de los datos de contacto del remitente —necesarios para dar respuesta—, así como de cualquier dato personal incluido en dichas comunicaciones.  </p>
<p><!-- /wp:paragraph --></p>
<p>&nbsp;</p>
<p><!-- wp:heading {"level":3} --></p>
<h3 class="wp-block-heading">DESTINATARIOS DE LOS DATOS</h3>
<p><!-- /wp:heading --></p>
<p><!-- wp:paragraph -->Los datos son tratados por personal y encargados del tratamiento designados por el Responsable del Tratamiento; sus datos de contacto están a disposición del interesado previa solicitud. Los datos no se transfieren al extranjero, a excepción de los datos relativos a la navegación por las plataformas de redes sociales mencionadas, los cuales son recopilados y tratados de forma independiente por los titulares de dichas plataformas, sin vínculo alguno con el Responsable del Tratamiento, GRUPPO TURI SRL. </p>
<p><!-- /wp:paragraph --></p>
<p>&nbsp;</p>
<p><!-- wp:heading {"level":3} --></p>
<h3 class="wp-block-heading">RETENCIÓN DE DATOS</h3>
<p><!-- /wp:heading --></p>
<p><!-- wp:paragraph -->Los datos de navegación se conservan durante 12 meses y posteriormente se destruyen; los datos utilizados para el envío del boletín se conservan durante 12 meses o hasta que el interesado solicite su supresión. Los datos recopilados en relación con las solicitudes de contacto dirigidas al responsable del tratamiento se conservan durante 12 meses y posteriormente se eliminan. </p>
<p><!-- /wp:paragraph --></p>
<p>&nbsp;</p>
<p><!-- wp:heading {"level":3} --></p>
<h3 class="wp-block-heading">RESPONSABLES DEL TRATAMIENTO DE DATOS</h3>
<p><!-- /wp:heading --></p>
<p><!-- wp:paragraph -->Para todas las finalidades indicadas anteriormente, el Responsable del tratamiento es GRUPPO TURI SRL, Via Vigili del Fuoco caduti in servizio no. 6, Modugno (BA), correo electrónico privacidad@gruppoturi.it. </p>
<p><!-- /wp:paragraph --></p>
<p>&nbsp;</p>
<p><!-- wp:heading {"level":3} --></p>
<h3 class="wp-block-heading">Delegado de Protección de Datos (DPD)</h3>
<p><!-- /wp:heading --></p>
<p><!-- wp:paragraph -->Puede ponerse en contacto con el Delegado de Protección de Datos (DPD) designado por el responsable del tratamiento a través de la siguiente dirección: pmmascolo@hotmail.it</p>
<p><!-- /wp:paragraph --></p>
<p>&nbsp;</p>
<p><!-- wp:heading {"level":3} --></p>
<h3 class="wp-block-heading">DERECHOS DE LOS TITULARES DE LOS DATOS</h3>
<p><!-- /wp:heading --></p>
<p><!-- wp:paragraph -->Los interesados ​​tienen derecho a acceder a sus datos personales, a que estos sean rectificados o suprimidos, a limitar su tratamiento o a oponerse al mismo (artículos 15 y siguientes del Reglamento). Las solicitudes a tal efecto pueden dirigirse al responsable del tratamiento y al delegado de protección de datos. Para ejercer sus derechos —en particular, el derecho a presentar una reclamación—, los interesados ​​pueden dirigirse a la Autoridad Italiana de Protección de Datos (*Garante per la protezione dei dati personali*), sita en Piazza Venezia 11, IT-00187, Roma.  </p>
<p><!-- /wp:paragraph --></p>
<p>&nbsp;</p>
[/vc_column_text][/vc_column][/vc_row]
